 128/13 + 6/39. Suppose -9 = 9*j - s*j. Suppose -j*o + 5*o + 56 = 0. What is the units digit of o?
4
Let r(o) = -2*o - 7. Let v be r(-3). What is the tens digit of -1 + 71 - (v + -2)?
7
Suppose m - 1054 = -2*j, 5*j + 2*m - 653 = 1982. Let y = -363 + j. What is the units digit of y?
4
Let f = 123 + -9. Suppose -5*w + f = -86. Suppose 5*h = -0*h + w. What is the units digit of h?
8
Let o(r) = r**3 + 5*r**2 - 10*r - 19. Let j(d) = 2*d**3 + 11*d**2 - 21*d - 39. Let b(f) = -3*j(f) + 5*o(f). What is the tens digit of b(-10)?
9
Suppose u - 847 = 5*a, -3*u + a = 6*a - 2601. What is the units digit of u?
2
Let u be 10/20 + 10/4. Let q be 0 - u/((-3)/2). Suppose -4*i - 4*d - 2 = -q*d, -5*i + 5*d = -20. What is the units digit of i?
1
Let d(l) = 158*l + 2. Let u be d(1). What is the units digit of u - (-4)/3*-3?
6
Let l = 658 - 443. Let g = l + -8. What is the hundreds digit of g?
2
Let t be ((-2)/(-5))/((-19)/380). What is the tens digit of 2/(t/4) + 72?
7
Let c(o) = 2*o**2 + 6*o + 9. Let l be c(-8). Let y be -34*(-3)/(0 - -3). Let v = l - y. What is the tens digit of v?
5
Suppose -v + 3*v = 12. Suppose 9*q - 297 = 12*q. What is the units digit of 3 + (-2)/(v/q)?
6
Let r = 64 + -45. Let n = -40 - -62. Suppose -r*w = -n*w + 42. What is the tens digit of w?
1
Let z(l) = l. Let o(c) = 9*c + 5. Let t(h) = -o(h) + 4*z(h). Let m be t(-4). Suppose m = -4*y + 123. What is the units digit of y?
7
Let k be 7/((-5 - 0) + (1 - -3)). What is the units digit of ((-75672)/42)/(-6) + 2/k?
0
Suppose -5*j - 5*m + 140 = 0, 3*m - 136 = -0*j - 5*j. What is the tens digit of j?
2
Let u(c) = -6*c + 11. Let q be u(-10). Suppose -q = -r + 136. What is the units digit of r?
7
Let y be 9 + 4/(3 + 1). Let x be (-26)/3 + y/15. What is the units digit of 1/((x/(-42))/4)?
1
What is the thousands digit of -3 + 9 + 8*210?
1
Suppose -26*b = 5941 - 24895. What is the hundreds digit of b?
7
Let d = 2 - 1. Let f be -2 - (d - -10) - -3. What is the units digit of (-1 + 6)/(f/(-12))?
6
Suppose 0 = -3*y - 3*n - 60, 0*y - 42 = 2*y + 3*n. Let r(u) = -u - 7. Let a be r(-9). What is the tens digit of a/(-6) - 672/y?
3
Suppose -7922 = -3*s - d, -2*d + 10339 = 4*s - 221. What is the hundreds digit of s?
6
Suppose -6*a + 34560 = 30*a. What is the units digit of a?
0
Let t(r) = r**2 + 2*r - 32. Let a = 21 + -21. Let f be t(a). Let z = f - -86. What is the units digit of z?
4
Suppose 4*m + 2*r + r - 66 = 0, 4*m - 5*r - 50 = 0. Let p = m + -12. Suppose p*v - 6*v = -3, 3*i = -3*v + 9. What is the units digit of i?
2
Let q = -16 - -16. Let x(v) = -v + 7. Let t be x(q). Suppose 4*c - 77 = t. What is the units digit of c?
1
Let l = 85 - 141. Let k = 6 - l. What is the tens digit of k?
6
Suppose -5*t + 4*b + 68 = 0, 2*t - 2*b - 74 = -3*t. Suppose -2*z + t = 2*d, 0 = 3*z - d - 48 + 4. What is the tens digit of z?
1
Let l(p) = -29*p - 6. Let s be l(2). Let j = 28 - s. Suppose 4*t = 2*o + j, -4*t + 79 = 4*o + 11. What is the tens digit of t?
2
Let q be (11/(-33))/((-1)/3). Suppose 0 = -3*s + 5*u + 242, -q = -4*u - 5. What is the units digit of s?
9
Suppose 2*h = 5 + 1, -3*h + 135 = -s. Let m = s - -244. What is the tens digit of m?
1
Suppose 4*q - 3 = -2*y - 9, 0 = 3*q + y + 4. Let i(h) = -6*h + 5. Let l(w) = -7*w + 6. Let b(f) = 5*i(f) - 4*l(f). What is the units digit of b(q)?
3
Let g = 194 + -19. What is the units digit of g?
5
Suppose 10 = 5*h + 45. Let w(v) = -v**3 - 6*v**2 + v. What is the tens digit of w(h)?
4
Suppose -2*t + 41 = 2*t - 5*u, -5*u = 3*t + 13. Suppose 0 = -t*b + 2*b + 80. Suppose -6*z + b = -32. What is the tens digit of z?
1
Let i be 5 + 0 - (-7)/(-1). What is the hundreds digit of (-1934)/(-11) - ((-140)/(-77) + i)?
1
Suppose 111 + 1089 = 12*o. Suppose 3*v - 500 = -5*q, q + 2*v = 3*v + o. What is the tens digit of q?
0
Let g(i) = 4*i**2 - 4*i - 11. Let a be g(6). Let f = -74 + a. What is the units digit of f?
5
Let j be (-201 - 31)*2/(-4). Let v = -84 + j. What is the tens digit of v?
3
Let n be 3 - 15*(-3)/(-9). Let j = n + 18. What is the units digit of j?
6
Let i = -76 + 139. Suppose -5*q + i = -197. Suppose 3*z - 7*z + q = 0. What is the units digit of z?
3
Suppose -5*s + 2*q + 5 = -3*q, -2*s - 3*q = 23. What is the tens digit of 6055/25 + -7 + s/(-5)?
3
Let v be 1/4 - (-4410)/56. Suppose 0 = -5*w - 10, -2*d - 3*w = 3 - v. What is the tens digit of d?
4
Let c = 458 - 198. Suppose -z - 535 = -3*u, 2*u - 5*z - 114 = c. What is the tens digit of u?
7
Let n(w) = -w**2 + 6. Let j(h) = -h**2 - h + 6. Suppose -2 = -2*q + 6. Let k(x) = q*j(x) - 5*n(x). What is the units digit of k(10)?
4
Let g(q) = 39*q + 2. Let r(m) = -m**3 - 13*m**2 - 12*m + 7. Let k be r(-12). What is the units digit of g(k)?
5
Suppose -4*n + 2*o = -1478, 2*o = -15*n + 11*n + 1474. What is the hundreds digit of n?
3
Let a(w) be the first derivative of -w**4/4 - w**2 + 7*w + 34. What is the tens digit of a(-6)?
3
Let y = -93 + 95. What is the units digit of 1 - 1 - (-2 - 310/y)?
7
Suppose 687*h - 675*h = 42804. What is the units digit of h?
7
Suppose x + 3*x + 3*u = 189, 4*u + 52 = x. Let g be ((-2)/(-3))/(704/(-78) + 9). Let z = g + x. What is the units digit of z?
2
Suppose -12*z - 16 = -16*z. Suppose -h - z*d = h - 76, -2*h = -2*d - 106. What is the tens digit of h?
4
Suppose -3*v = w - 1186 - 3968, v = 4*w - 20616. What is the tens digit of w?
5
Suppose -4*m - 688 = -5*m. What is the tens digit of m?
8
Let k be (0 - 3)/(-5 + 4). Suppose 2*x - 68 = -o, -3*x = k*o - o - 141. What is the tens digit of o?
7
Let h = -1584 - -2432. What is the hundreds digit of h?
8
Suppose -2*a - 31 = -5*f, -2*f + 3*f = 3. What is the tens digit of (2/(-4))/(a/288) + -3?
1
Let n = 25 - 20. Let p(v) = 2*v**3 - 2*v**2 + 1. Let z be p(-1). Let m = z + n. What is the units digit of m?
2
Let r(v) = v**3 - 5*v**2 + 2*v + 6. Let f be r(3). What is the units digit of 525/9 + 2/f?
8
Let i(t) = 65*t - 3. Suppose 3*n = -9*n + 12. What is the units digit of i(n)?
2
Let r(w) = 23*w + 1. Let m = -30 + 31. What is the tens digit of r(m)?
2
Let m be (-1)/3*3 - -140. Suppose 4*b + 125 = 5*b + 3*y, 4*y = b - m. What is the hundreds digit of b?
1
Let i(b) = b**2 - 2*b + 2. Let p(k) = 2*k**2 - 2*k + 1. Let q(j) = -3*i(j) + 2*p(j). Let s be ((-6)/8)/(3/(-12)). What is the units digit of q(s)?
1
Suppose -8020 - 3474 = -14*f. What is the tens digit of f?
2
Let x be 2*(-1)/2 + -11. Suppose -3*g - d = -509, 0 = 2*g + d - 146 - 193. What is the units digit of x/84 + g/14?
2
Let w(t) = -8*t - 6*t + 15*t - 15 - 6*t. What is the tens digit of w(-17)?
7
Let q(c) = c**3 - 14*c**2 + 19*c - 1. Let y = -5 + 18. What is the tens digit of q(y)?
7
Let p(y) = 3*y**2 - 2*y + 1. Let b = 7 - 3. Let n be p(b). Suppose -6*d + n = -5*d. What is the units digit of d?
1
Let r be (-14)/21*(-258)/4. Let v = r + -3. What is the units digit of v?
0
Suppose -5*x - 190 = -2*v + 95, -2*x + 698 = 5*v. Let d = -1 - -13. Suppose d*j + v = 17*j. What is the tens digit of j?
2
What is the hundreds digit of (-643972)/(-133) - 12/(-114)?
8
Let y(a) = 11*a**2 + 45*a - 4. What is the tens digit of y(-6)?
2
Let n be 1734/(-42) - 4/(-14). Let t = n - -29. Let b = -8 - t. What is the units digit of b?
4
Suppose t + 4 = 2*k, -k + 4*t + 0 = 5. Let s = 16 + k. What is the tens digit of s?
1
Let h(g) = -2183*g**3 + g**2 + 10*g + 10. What is the thousands digit of h(-1)?
2
Suppose 5696 + 24576 = 44*w. What is the tens digit of w?
8
Suppose -4*t + 1775 = 3*x, 2*x = -10*t + 13*t + 1155. What is the units digit of x?
5
Let n be 276/45 + 1*12/(-90). Suppose n*k - 1739 = -5*z + 2*k, 3*z + 2*k = 1043. What is the hundreds digit of z?
3
Suppose -7*u + 5*u + 8 = 0. Suppose -299 = -u*o - 5*t, -4*o + 395 = o + 2*t. What is the tens digit of o?
8
Let t(f) = -f + 32. Let z be t(0). Let c = -12 - -24. Let r = z - c. What is the units digit of r?
0
Let c be 20/5*21/(-12). What is the units digit of (123/14 - (-2)/c)*10?
5
Let r be (-326)/22 - (-8)/(-44). Let t be 4/10 + 66/r. What is the units digit of t - (-13)/((-52)/(-24))?
2
Suppose 4*u - 6*u + 8 = 0. Suppose 0 = -2*c + 2*s + s + 279, u*c - 3*s - 549 = 0. What is the tens digit of c?
3
Let q be (-182)/(-98) + 2/14. Suppose -2*s = -4*s - 2*o + 40, 14 = s - 2*o. Suppose 4 = m - 0*m, 4*m = q*x - s. What is the tens digit of x?
1
Let p = -13 + 13. Suppose -5*q - 5*h +